or of 1 and x?
1
Let n = -32 - -47. Suppose 10*j + 66 - 216 = 0. Calculate the greatest common factor of n and j.
15
Suppose 30 = 5*s - 5*a, 0 = -4*a - a - 10. Suppose -s*z + 24 + 132 = 0. Calculate the greatest common factor of 13 and z.
13
Let x be ((-30)/(-27) - 1) + (-2178)/(-81). What is the highest common divisor of 15 and x?
3
Let r be 6/(-9) - 227/(-3). What is the highest common divisor of 75 and r?
75
Suppose 4*l = t + 21, 2*l + 5*t - 7 = 2*t. Suppose 4*u = -l*d + 168, 111 = 4*d - d - u. Let q = d - 19. What is the highest common divisor of q and 51?
17
Suppose -4*k - 2*a + 1892 = 0, 3*k - 5*a = -0*k + 1419. What is the highest common divisor of k and 11?
11
Let y(j) = -j**3 + 13*j**2 + 65*j + 15. Let m be y(-5). What is the highest common divisor of 35 and m?
35
Let x = -455 - -461. Suppose -q = -d - d + 13, -2*d - 7 = 3*q. What is the greatest common divisor of x and d?
2
Suppose 0 = 30*x - 1570 - 1790. Calculate the greatest common divisor of x and 7.
7
Let h(w) = -7*w**2 + 2*w + 3. Let a be h(3). Let m be (10/(-12))/(9/a). Suppose m*p - 339 - 41 = 0. Calculate the greatest common factor of p and 190.
38
Suppose -4*p - 79 = -5*p. Suppose -319 + p = -4*n. Calculate the highest common factor of n and 24.
12
Let i = -1045 + 1123. Calculate the highest common divisor of 650 and i.
26
Suppose -3*a = -2*k + 25, -2*k - 5*a - 3 + 20 = 0. What is the highest common factor of 7 and k?
1
Let m = 184 - 137. What is the highest common divisor of 47 and m?
47
Suppose 900 = 2*h + 18*f - 23*f, 4*h = f + 1800. Calculate the highest common factor of 200 and h.
50
Let t(b) = -4*b**2 + 6*b - 14. Let o(a) = 3*a**2 - 7*a + 14. Let q(r) = 5*o(r) + 4*t(r). Let d be q(-10). What is the highest common divisor of d and 3?
3
Suppose -3*a - 2*p = -310, a - 23*p - 105 = -22*p. Calculate the greatest common divisor of 13 and a.
13
Let w(l) = -10 + 3*l - 14 + 6 - 6. Let s be w(26). Calculate the greatest common factor of 2 and s.
2
Suppose 3*h - 66 = 4*p + 2, -4*h + 5*p + 91 = 0. Let g = 27 + -11. Suppose 11*b + 15 = g*b. What is the highest common factor of b and h?
3
Let k = 57 - 37. Suppose 3*g - k = -g. Let n = g + 1. What is the highest common divisor of n and 24?
6
Let b(z) = 33*z - 49. Let r be b(5). Calculate the highest common divisor of r and 29.
29
Let p = 17 - 1. Suppose -m = -5*w + 7*w + 75, 324 = -4*m + 4*w. Let o = 33 - m. What is the highest common divisor of o and p?
16
Let h = 371 - 337. Suppose -215 = -3*t + 907. What is the greatest common factor of h and t?
34
Let y be 22/(-1*1*(25 - 26)). What is the greatest common factor of 11 and y?
11
Let l be (-14)/(3/(7 - -2)*-2). Let b = l - 15. What is the highest common divisor of 6 and b?
6
Suppose -4*i = 4*o - 2336, 0 = -0*o + 2*o + 4*i - 1176. Calculate the greatest common divisor of o and 348.
116
Let s(r) = 80*r**2 - 11*r + 37. Let l be s(4). Calculate the greatest common factor of 201 and l.
67
Suppose -14 - 190 = -f. What is the highest common factor of 36 and f?
12
Let k(f) be the second derivative of -f**3/3 + 5*f**2 - 7*f. Let q be k(-9). Suppose 8*r - 252 = 84. What is the highest common divisor of q and r?
14
Suppose 4466 = 86*y - 5338. Calculate the highest common factor of y and 2.
2
Suppose -2*m - 47 + 145 = 3*o, 2*o + 121 = 3*m. Calculate the highest common factor of m and 172.
43
Suppose 19 = 2*k - 5*z, 5*z - 14 - 15 = -2*k. What is the greatest common factor of k and 30?
6
Let l = 102 + -67. Calculate the greatest common divisor of 105 and l.
35
Let v = 165 + -164. Let d(y) = 69*y**3 + 0 + 96*y**3 + y**2 - 1. Let k be d(v). What is the greatest common divisor of k and 15?
15
Suppose 422 = 4*m - 82. Calculate the greatest common divisor of 72 and m.
18
Let c(g) = g**2 + 7*g - 29. Let h be c(-12). Calculate the highest common divisor of h and 155.
31
Let j = -276 + 286. Let f(h) = -4*h**3 - 3*h**2 - h - 4. Let k be f(-3). Calculate the highest common divisor of k and j.
10
Let d(a) = -a + 2. Let j be d(3). Let m be 2/j - -3 - -1. Let x = m - -4. What is the highest common divisor of x and 9?
3
Suppose -2*t + 67 = -4*m + 7*m, 2*t = -4*m + 68. Calculate the greatest common factor of 80 and t.
16
Let w(q) = -q**3 - 6*q**2 + 9*q - 32. Let b be w(-8). What is the highest common divisor of b and 108?
12
Suppose -157 + 534 = d + 3*z, -2*d - 2*z + 758 = 0. Calculate the highest common factor of 40 and d.
20
Let p be 19/4 - 3/(-12). Let k be 38/p + 2/5. What is the greatest common divisor of 40 and k?
8
Suppose 0 = -8*o + 4*o + 200. Let w(t) = 2*t**2 + 3*t - 4. Let v be w(-6). What is the greatest common divisor of v and o?
50
Let y be (-50)/((-50)/(-5)) + (-78)/(-3). Calculate the highest common divisor of y and 525.
21
Suppose -1158 = -5*h + 2*q, -2*q - 462 = -2*h - 0*h. What is the greatest common factor of h and 29?
29
Let p(z) = -z**2 - 9*z - 14. Let l be p(-4). Let v be (-30)/4*(l + -8). What is the greatest common factor of v and 15?
15
Let r = -73 - -98. What is the highest common factor of r and 100?
25
Suppose 3*z = 6*z - 2*p - 12, 9 = 3*p. Suppose -3*v - 194 = -3*w + 13, v - 63 = -w. Calculate the greatest common factor of z and w.
6
Suppose -5*n + 3*n + 38 = 0. Let s = n - -5. Suppose -3*i + s = -39. Calculate the greatest common divisor of i and 168.
21
Let g(r) = 3 + 2 - 4*r - 4*r - 15*r. Let o(p) = -p**3 + 6*p**2 - p. Let v be o(6). Let x be g(v). Calculate the highest common factor of x and 13.
13
Suppose 1912 = 4*p - 5*j, p + 2*j - 4*j - 475 = 0. Calculate the greatest common factor of 69 and p.
69
Let i = 43 + -39. Let n(l) = 19*l**2 - 2*l - 1. Let p be n(-1). Calculate the greatest common factor of p and i.
4
Let m = -31 + 51. Suppose -l = -3*l - m. Let n be 214/2 - (9 + l). Calculate the greatest common factor of 12 and n.
12
Suppose -7*s - 4*c = -6*s - 56, c + 173 = 4*s. Calculate the highest common factor of s and 396.
44
Suppose -12 = 2*o - 7*o - 2*t, -4*o - 3*t + 4 = 0. Suppose -o*c = -c. Suppose -6*v + 2*v + 196 = c. What is the highest common factor of v and 7?
7
Let d be 1*(-464)/10 + 20/50. Let i = 86 + d. What is the greatest common factor of 5 and i?
5
Suppose -5*q = 4*i - q - 12, -2*i = 3*q - 7. Suppose 3*o + 80 = 2*j, o + 80 = -i*j + 4*j. What is the highest common divisor of 10 and j?
10
Let b(v) = -v**3 - v**2. Let y be b(-5). Calculate the highest common factor of 140 and y.
20
Suppose -5*a - t = -17 + 2, -4*t + 18 = -a. Suppose a*b = 7 + 25. What is the greatest common factor of b and 8?
8
Let i be (-7 - 3)/(4/8). Let u be 12/i + (-429)/30*-2. What is the greatest common divisor of 42 and u?
14
Let p(b) = b**2 - 5*b - 3. Let z be p(5). Let l(o) = -o**3 + o - 3. Let u be l(z). Let w be (-14)/2*(-12)/u. What is the highest common divisor of w and 4?
4
Let o = -36 + 70. Let k(l) = -78*l - 9. Let d be k(-10). Let u be (-6)/9 + d/9. What is the highest common divisor of o and u?
17
Let a = 326 + -332. Let f(n) = 16*n**3 - n**2 + n + 1. Let c be f(-1). Let p = a - c. What is the greatest common divisor of 66 and p?
11
Suppose -4*b + 4*d + 12 + 44 = 0, 2*b = -5*d + 63. What is the highest common divisor of 323 and b?
19
Let x(b) = b**3 + 3 - 19*b**2 + 2*b + 3*b + 5*b**2 - 19*b. Let q be x(15). Calculate the highest common factor of 144 and q.
18
Suppose 0 = -s + 3*d - d + 4, s = -d + 16. Let h = -142 + 250. Calculate the greatest common factor of h and s.
12
Suppose 17 + 38 = 5*p. Suppose 2*k + 4 = b + 31, 4*k - 69 = 5*b. What is the highest common factor of k and p?
11
Suppose -20*a + 15*a - q = -380, 0 = 4*a + 4*q - 288. What is the greatest common factor of 11 and a?
11
Suppose -3*r = 11 - 149. Calculate the highest common divisor of 368 and r.
46
Let n be ((-1560)/85)/(-3) - (-4)/(-34). Let q be n/(-6) + 0 + (54 - 2). Calculate the highest common factor of 68 and q.
17
Suppose 6 = 3*q - 2*q. Suppose 3*p + 18 = q, 1297 = 3*u + 5*p. Let i = u + -285. What is the highest common factor of i and 14?
14
Let f = -586 + 748. What is the greatest common factor of f and 72?
18
Let z = -1602 + 1614. What is the highest common divisor of z and 138?
6
Let t be (1012/(-110))/(3/(-15)). What is the greatest common divisor of t and 46?
46
Let t(i) = -6*i. Let o be (-16)/20 - (-4)/(-20). Let u be t(o). What is the highest common factor of 18 and u?
6
Suppose 3*k - 151 = 